10.
145264
2471b (base 15) to base 10
116351
Convert -132618 (base 14) to base 9.
-1215014
Convert -33380 (base 9) to base 12.
-10a09
1423275 (base 13) to base 16
614ac0
What is 8c4a60 (base 13) in base 5?
1322324012
Convert -29a520 (base 13) to base 14.
-1c88a0
What is 2558698 (base 11) in base 15?
5c8778
What is -10625234 (base 7) in base 11?
-586547
39763 (base 10) to base 3
2000112201
Convert -3145132 (base 8) to base 7.
-10060555
Convert -111000111101011011111 (base 2) to base 12.
-760167
-1000100100010111111001 (base 2) to base 16
-2245f9
What is -32437 (base 14) in base 8?
-355341
1377212 (base 8) to base 7
3224212
Convert 7ca0b3 (base 16) to base 5.
4042330403
Convert 55584 (base 14) to base 16.
32830
Convert 371a942 (base 11) to base 7.
106001154
What is -146243 (base 8) in base 2?
-1100110010100011
Convert 3400411 (base 5) to base 2.
1110100001011001
What is -331112222 (base 4) in base 10?
-251306
34b0996 (base 12) to base 11
5825529
What is 29c6b (base 13) in base 12?
39884
-2a4e3c (base 15) to base 10
-2041707
14205315 (base 6) to base 15
9830b
-6432617 (base 9) to base 12
-11a25b1
-627425 (base 8) to base 14
-56085
Convert -7813035 (base 9) to base 3.
-21220110001012
Convert 8b072 (base 12) to base 4.
231022112
Convert -118d6b (base 14) to base 2.
-10010010101100000011
Convert -2315535 (base 6) to base 5.
-12303334
Convert -65279 (base 12) to base 2.
-100000100100111101
What is 42240423 (base 5) in base 11?
220a18
Convert af194 (base 16) to base 15.
e2789
Convert -551291 (base 13) to base 2.
-111101000110000000011
Convert -b3c2a (base 15) to base 13.
-16c432
Convert -565318 (base 10) to base 11.
-356806
3716476 (base 9) to base 10
2018994
What is -451020 (base 6) in base 5?
-2202222
What is 3273033 (base 8) in base 15?
1265d8
What is 2127581 (base 10) in base 15?
2c05db
47d283 (base 16) to base 2
10001111101001010000011
Convert -80779 (base 13) to base 12.
-b0b77
Convert 391e6 (base 16) to base 9.
385833
Convert -2658860 (base 11) to base 4.
-101201222023
What is -a66c (base 13) in base 6?
-254454
What is 13334323 (base 5) in base 11?
93899
-11001110000011000000101 (base 2) to base 15
-8d57b9
What is 138cd4 (base 15) in base 10?
941149
-1b2c0a (base 13) to base 4
-2220322320
What is 223231 (base 5) in base 11?
5a6a
-511324 (base 11) to base 14
-1755cc
What is 1302321111 (base 4) in base 3?
212220120010
1170550 (base 9) to base 5
130334432
Convert -112534 (base 12) to base 15.
-561c4
Convert -1c87e9 (base 16) to base 5.
-434313201
Convert -12927 (base 14) to base 13.
-17a58
Convert 60a0c (base 14) to base 6.
4552124
What is 2934bb (base 14) in base 2?
101011101010000101101
-a255ac (base 13) to base 2
-1110011011010110001000
What is 1122120001100 (base 3) in base 10?
877023
Convert -103324352 (base 6) to base 13.
-4c8611
What is -27520652 (base 8) in base 2?
-10111101010000110101010
71e1e (base 15) to base 12
154a55
What is -147355 (base 8) in base 4?
-30323231
Convert 3732246 (base 8) to base 14.
1cb166
Convert 216a6b (base 16) to base 12.
8973a3
19d22b (base 15) to base 11
7901a9
What is -9a7795 (base 14) in base 10?
-5245287
What is 120e3 (base 15) in base 8?
160364
Convert 38168 (base 16) to base 14.
5da1a
Convert 14400 (base 13) to base 4.
21102021
-3557 (base 12) to base 14
-2267
Convert 3031523 (base 6) to base 15.
2cb2c
Convert 1821d (base 16) to base 15.
1e44a
-355c2 (base 13) to base 11
-67422
What is 17b5b (base 12) in base 4?
20122313
What is -10031101100 (base 4) in base 11?
-693712
What is -126522 (base 7) in base 3?
-1012211020
Convert 21622452 (base 8) to base 7.
54426333
146023 (base 9) to base 7
522324
What is 218333 (base 11) in base 2?
1010100111010001110
What is 8633220 (base 10) in base 16?
83bb84
Convert -22565501 (base 8) to base 6.
-253122545
Convert -53012 (base 7) to base 2.
-11001011110011
What is 300021223110 (base 4) in base 8?
60115324
Convert -1ca54b (base 14) to base 16.
-face7
-254537 (base 10) to base 8
-761111
Convert -101011101110000 (base 2) to base 15.
-6974
What is -10734203 (base 8) in base 2?
-1000111011100010000011
What is -301433 (base 14) in base 6?
-54354153
Convert -240668 (base 11) to base 14.
-9d038
Convert 18782c (base 15) to base 11.
742a45
What is 1324402342 (base 5) in base 13?
906a6a
Convert -30334120 (base 5) to base 10.
-246160
-40025264 (base 7) to base 8
-14456741
-708712 (base 14) to base 16
-39cd4c
10100010101101011 (base 2) to base 4
110111223
1220222310 (base 4) to base 6
13104500
-59157 (base 13) to base 7
-1245456
Convert -8005544 (base 9) to base 10.
-4255618
-11010120100221 (base 3) to base 15
-2d5a11
Convert -a158c (base 15) to base 9.
-857716
What is -2a5dda (base 14) in base 2?
-101101000011010101100
What is -10010100000010101 (base 2) in base 4?
-102200111
411312510 (base 6) to base 5
3302222143
Convert -27cd0 (base 16) to base 3.
-22021121221
Convert -11322023 (base 5) to base 10.
-104638
Convert 456035 (base 8) to base 5.
14422103
c45 (base 16) to base 2
110001000101
-a4739 (base 13) to base 15
-5c8d9
Convert 13044410213 (base 5) to base 2.
111101000101011101111111
1252020 (base 7) to base 8
500200
What is 112303020300 (base 4) in base 7?
101541363
Convert -7942a (base 13) to base 15.
-45492
What is -cd2e5e (base 15) in base 14?
-1428514
What is -27133c (base 15) in base 12?
-766440
-30400213 (base 5) to base 12
-baa99
12aa061 (base 11) to base 13
60b904
What is 12341135 (base 7) in base 15?
17198e
What is 1310233331 (base 4) in base 5?
110300310
Convert -13546512 (base 7) to base 5.
-311204231
Convert -33012020312 (base 4) to base 15.
-532802
Convert -17782d (base 15) to base 11.
-708a03
Convert 10413022 (base 5) to base 14.
25577
Convert -6777cb (base 14) to base 5.
-1400012430
5523 (base 13) to base 6
130523
What is 5512520 (base 8) in base 6?
51415532
-2834383 (base 9) to base 10
-1558191
-30164345 (base 8) to base 13
-1414a45
What is -334a28 (base 11) in base 8?
-2022210
Convert -25aa6 (base 12) to base 3.
-2121220000
What is 245f5 (base 16) in base 10?
148981
-22221163 (base 7) to base 14
-380233
Convert -252d607 (base 14) to base 15.
-187c61e
Convert 204010 (base 6) to base 16.
4026
162164 (base 8) to base 9
88202
Convert -670020 (base 10) to base 9.
-1231076
-1b8b0 (base 12) to base 9
-62246
What is 442046 (base 8) in base 10?
148518
What is 385172 (base 10) in base 14?
a0524
What is -101110110000100001 (base 2) in base 12?
-92a01
102200002011 (base 3) to base 14
5d9c9
Convert 5fb012 (base 16) to base 7.
104205532
13503354 (base 6) to base 3
212100102021
Convert -2102312 (base 4) to base 15.
-2bb8
-10222220000011 (base 3) to base 15
-2be321
6116432 (base 8) to base 13
4462b3
7555412 (base 9) to base 16
3dd495
-1e9d (base 15) to base 14
-2609
What is -13633562 (base 7) in base 11?
-7a9098
10000010101011000110010 (base 2) to base 7
51252456
Convert -14784876 (base 9) to base 15.
-9ab1ec
What is -c0c0a6 (base 15) in base 12?
-3094b70
What is -1621465 (base 11) in base 13?
-75c4a9
-105450125 (base 6) to base 9
-3602558
-3546315 (base 7) to base 2
-1101101100100100011
What is 29919b (base 15) in base 10?
2005121
-477aa06 (base 11) to base 8
-37616566
What is -20a73 (base 12) in base 2?
-1010011111110111
-a5784 (base 11) to base 15
-3096e
What is 2721530 (base 9) in base 2?
101101011111001001100
14629 (base 14) to base 9
76367
What is 1650060 (base 9) in base 6?
31404430
What is 110101110110111011111100 (base 2) in base 4?
311312323330
-4562651 (base 8) to base 7
-13345421
Convert -4013413 (base 5) to base 8.
-174170
What is -133701 (base 9) in base 12?
-3b1a7
Convert -2712402 (base 8) to base 3.
-1102120012200
5619 (base 11) to base 15
22d6
1010100110000010000 (base 2) to base 4
1110300100
Convert c290 (base 16) to base 3.
2112022202
296a2 (base 13) to base 11
536a7
Convert 243401113 (base 7) to base 4.
322021300333
What is 51384 (base 10) in base 13?
1a508
-2424430303 (base 5) to base 2
-10101110000000101000001
What is 12638483 (base 10) in base 11?
7152530
-450023 (base 10) to base 2
-1101101110111100111
What is 12450404 (base 6) in base 10?
410980
-7cc7b8 (base 13) to base 8
-13247611
-107676 (base 8) to base 2
-1000111110111110
-226485 (base 9) to base 13
-49b92
What is -414412515 (base 6) in base 10?
-7218047
Convert -1100515 (base 7) to base 10.
-1